 n and 6?
6
Let y be 3/(-2)*4/(-6). Let b(g) = g**2 - 5*g - 2. Let w be b(6). Suppose 2*c - w*c + 6 = 0. Calculate the greatest common divisor of c and y.
1
Let d = 262 - 246. Suppose 248 = -4*s + 824. What is the highest common divisor of s and d?
16
Let h(a) = -a**3 - 6*a**2 - 7*a - 31. Let s be h(-8). Calculate the greatest common factor of 34 and s.
17
Suppose 4*a - 170 = 2*d - 7*d, -5*a = -25. What is the greatest common factor of d and 75?
15
Suppose 2*g = -2*g - 4*o + 68, 3*g = 3*o + 57. Suppose -21*w = 2*n - 19*w - 134, 3*n - 236 = 4*w. Calculate the highest common divisor of g and n.
18
Suppose -146*z + 147*z = 24. What is the greatest common divisor of 26 and z?
2
Let l(v) = -5*v + 22. Let u be l(-5). Suppose -4*s + s - 255 = 0. Let b = u - s. Calculate the greatest common factor of b and 12.
12
Let g be (-4)/7 - 234/(-42). Suppose -3*z - g*c = -0*c - 19, 5*z - 4*c = 81. Calculate the highest common factor of z and 65.
13
Let n be 3/(-1)*(-22)/11. Suppose -k - 5*z + 135 = 4*k, 4*k = 4*z + 84. Suppose -4*m = -0*m - k. Calculate the highest common factor of m and n.
6
Suppose -3*z + 15 = -12. Calculate the highest common divisor of z and 9.
9
Let y = -33 + 32. Let t be (0 - y/((-3)/27))*-6. What is the greatest common divisor of t and 18?
18
Let j = 41 - 50. Let v be 9/j - 1*-49. Calculate the greatest common divisor of v and 6.
6
Suppose 16 - 32 = -4*d. Let g(r) = 26*r + 16. Let o be g(2). What is the highest common divisor of d and o?
4
Let m(w) = 2*w**2 + 15*w - 4. Let i be m(-8). Suppose -4*y = -b + 5, i*y + 32 = 4*b - 0*b. Calculate the greatest common divisor of b and 81.
9
Let b be (-2)/7 - (-26)/(-7). Let t be -1*56/(b/1). Let l = t + 1. Calculate the highest common factor of 135 and l.
15
Let j = 12 + 99. Calculate the highest common factor of 1443 and j.
111
Let d = -15 - -20. Suppose -4*x - 16 = d*p, 4*x - p + 4*p = -8. Let o be (42 + (0 - 0))/x. Calculate the highest common divisor of o and 21.
21
Let w(v) = 10*v - 28. Let r be w(4). Let u be (-2)/r - ((-13741)/6)/13. What is the highest common divisor of 16 and u?
16
Let s be ((-1)/(-3))/((-7)/(-567)). What is the greatest common divisor of s and 81?
27
Suppose -m - 2*p = -137, 9*p - 655 = -5*m + 5*p. Suppose m + 93 = 20*h. What is the highest common divisor of 253 and h?
11
Let f be (-554)/(-22) + (-110)/605. What is the highest common divisor of f and 35?
5
Let b = 2679 - 2616. Calculate the greatest common divisor of 140 and b.
7
Let j = 420 - 300. Calculate the greatest common divisor of j and 12.
12
Suppose 2*a + 84 = 128. What is the greatest common divisor of 33 and a?
11
Let n = -14 - -16. Suppose -2*c = -3*c + n. Let g be 2 - (-4 + 1*-10). Calculate the greatest common factor of c and g.
2
Suppose n + 5*r = -2, -4*n + 5*r + 8 = -3*n. Let t = 17 + n. Let z be 1/(t/16)*5. What is the greatest common divisor of 4 and z?
4
Suppose 3*t - 4*b = -246 + 941, -10 = 2*b. What is the highest common factor of t and 525?
75
Let i(u) = -2*u**3 - 15*u**2 + 12*u - 7. Let k = 75 - 84. Let s be i(k). Calculate the highest common divisor of s and 16.
16
Let i = -36 - -71. Suppose -7 = 6*s - 37. What is the greatest common divisor of i and s?
5
Let w = 67 - 48. Suppose -4*j = -4*o + 2040, 2*o + 297 = j + 1320. Suppose -m - o = -4*m. What is the highest common factor of w and m?
19
Let f(p) = -3*p. Let i = 32 - 43. Let g be f(i). What is the highest common divisor of g and 11?
11
Let k = -11 + 25. Suppose 19*r - k*r = 585. Calculate the greatest common divisor of 9 and r.
9
Let r be ((-9)/4 - 1)*4. Let k(j) = 12*j + 25*j**2 + 7 + 31*j**2 - 81*j**2 + 26*j**2. Let o be k(r). What is the highest common divisor of 30 and o?
10
Suppose 27*v - 5226 = v. What is the highest common factor of 134 and v?
67
Let l be ((-48)/(-20))/((-3)/(-130)). Let a be 28 - (2 + 4 + -4). What is the greatest common factor of a and l?
26
Let j = 192 + 24. Calculate the greatest common divisor of j and 162.
54
Let d(a) = -65*a - 3. Let t be d(-3). Let y be 0/2 - 168/(-14). What is the highest common factor of y and t?
12
Let f be (-56)/(-16) + (270/4 - 0). Calculate the greatest common divisor of f and 497.
71
Let x be 2 - (-1 + 2)/(-1). Suppose x*a = -2*p + 597 - 65, -5*a = 4*p - 884. Let l be ((-5)/2)/((-10)/a). Calculate the highest common factor of 15 and l.
15
Let x be ((-12)/(-8))/(1/(-2)). Let n(v) = -v**2 - 3*v - 1. Let o be n(x). Let u be (-145)/(-5) - 3/o. What is the highest common factor of 48 and u?
16
Let k(z) = -5*z + 7*z**2 + 2*z - 2*z + 0*z + 6. Let d be k(2). Calculate the highest common factor of 3 and d.
3
Let j be 68 - ((-240)/(-90))/(6/(-9)). Calculate the greatest common factor of j and 24.
24
Let c(m) = -m**3 + m**2 - m + 64. Let t(u) = -u**2 + 6*u + 4. Let j be t(6). Let k = 4 - j. Let x be c(k). What is the highest common divisor of x and 8?
8
Let o be (27/21)/1 + (-4)/14. Let a be (-39)/(2*(o + 14/(-8))). Calculate the highest common divisor of a and 286.
26
Let m(s) = 16*s - 47. Let l be m(6). Calculate the greatest common divisor of l and 7.
7
Let f(g) = g + 9. Let j be f(-7). Let k(h) = 3*h**2 - 4*h + 5. Let o be k(j). Let r be 428/16 + 3/12. Calculate the highest common divisor of r and o.
9
Let q be (-1)/((-45)/(-220) - (-1)/(-4)). Calculate the highest common factor of q and 2.
2
Suppose -m + 2*m = 4*k + 14, 3*m = -k + 3. Suppose -2*x - m*d + 190 = 3*x, 3*x - 95 = -5*d. What is the highest common factor of x and 100?
20
Let c be (-198)/21*35/(-5). Let z = 38 + c. Calculate the greatest common factor of 26 and z.
26
Suppose 4*f + 5*m - 10 = 8*m, 3*f - 3*m - 6 = 0. Let z be 0/1 + 4*2. Calculate the highest common factor of z and f.
4
Let f(t) = -29*t - 9. Let y(c) = -59*c - 17. Let b(w) = -11*f(w) + 6*y(w). Let z be b(-1). What is the greatest common divisor of z and 8?
8
Suppose i - 11 + 3 = -3*q, -8 = -2*i - 2*q. What is the greatest common divisor of i and 10?
2
Let z(d) = 1164*d**2 - 44*d + 44. Let f be z(1). What is the highest common factor of 12 and f?
12
Suppose -t + 6 = 2*t. Let m be 294/12 - (t - -1)/(-6). What is the greatest common factor of m and 100?
25
Suppose 11*i + 40*i - 256428 = 0. Calculate the highest common divisor of i and 12.
12
Suppose 2*l = -5 + 1. Let n be (-10)/8*(2 - l). Let a(y) = -y + 1. Let w be a(n). Calculate the greatest common divisor of 18 and w.
6
Let p(b) = -b - 9. Let o be p(-11). Suppose o*a - 4*a + 20 = 0. Let u be ((-5)/2)/((-2)/16). What is the greatest common divisor of u and a?
10
Let m(o) = o**3 + 36*o**2 + 60*o - 259. Let t be m(-34). Let v = 8 - 20. Let x be 2/((v/26)/(-3)). What is the highest common divisor of x and t?
13
Let a(y) = 2 + 124*y - 120*y - 29*y**2 - 6. Let f be a(2). Let j be (-2)/(-6) + f/(-24). Calculate the greatest common divisor of j and 5.
5
Let r be ((-1)/2)/(2 + 1161/(-582)). Let f = 225 + r. Calculate the greatest common factor of 16 and f.
16
Let f be 160 + 2 - 0/(-1). Suppose -n = -4*c - 2*n + 12, -12 = 2*c + 5*n. Let v be ((-2)/c)/((-4)/144). Calculate the highest common divisor of f and v.
18
Suppose 5*t = 4*h - 15, -1 = -2*t - 3*h + 16. Suppose 55 = z - t. Calculate the greatest common divisor of z and 28.
28
Suppose -3*l + 5*t + 77 = -2*l, -l + 68 = 4*t. Calculate the greatest common divisor of l and 64.
8
Let s(y) = -3*y + 9. Let p be s(-12). Let h be 2/12 - 534/(-36). Calculate the highest common divisor of h and p.
15
Suppose -9*p = 325 - 442. Suppose 0*t - 143 = -t. What is the highest common factor of t and p?
13
Let y(p) = -3*p + 3. Let q be y(-3). What is the highest common factor of q and 12?
12
Let s be (-285 - 7 - 2)*-2. What is the greatest common divisor of s and 12?
12
Suppose 0 = 5*v - 4 - 6. Let y(p) = p**3 - 15*p**v + 13 + 16*p + 8 - 13. Let q be y(14). Calculate the highest common divisor of q and 54.
18
Let b be 1/(-10)*-77 - 6/(-20). Calculate the greatest common divisor of 38 and b.
2
Let b(v) = -v + 12. Let a be b(10). Suppose 3*g - 14 = -a. Suppose -4*o + g*w + 64 = 0, -2*o - 3*o + 95 = -2*w. Calculate the highest common divisor of 7 and o.
7
Suppose 0 = -4*p - h + 1, 3*p - 6*h = -3*h - 3. Suppose p = 4*b - 20 - 20. Let v = b - -2. Calculate the highest common factor of 84 and v.
12
Let w be (-3)/7 - 30160/(-140). Suppose -3*t - 59 = -w. Calculate the highest common divisor of 